ase 2) to base 6.
2020454
-1700a (base 12) to base 14
-bd7c
What is 10334543 (base 6) in base 3?
120122210200
2c107a (base 14) to base 5
343230432
What is 157038 (base 10) in base 6?
3211010
What is -1001010011010110011 (base 2) in base 4?
-1022122303
51521 (base 12) to base 8
317251
What is -23927 (base 13) in base 10?
-65267
-44112113 (base 5) to base 9
-636837
Convert 1352123 (base 6) to base 8.
226223
What is 9a612d (base 15) in base 11?
4178599
Convert 21453402 (base 6) to base 14.
12b04a
Convert 4073fa (base 16) to base 8.
20071772
What is -168d (base 16) in base 12?
-3411
What is 124523545 (base 6) in base 15?
33b5cb
What is -5304266 (base 7) in base 3?
-1012112011112
Convert -22121212020 (base 3) to base 9.
-277766
What is -431423 (base 5) in base 13?
-6861
Convert 243206 (base 7) to base 16.
ad3f
Convert 100001212100 (base 3) to base 10.
178506
-5819a6 (base 12) to base 3
-2122210112200
98022 (base 16) to base 2
10011000000000100010
Convert 131120111 (base 4) to base 3.
20010002002
What is -116238 (base 9) in base 11?
-48801
102031200 (base 5) to base 13
11ac58
What is 156a1d (base 15) in base 5?
231110103
What is -10120020022 (base 3) in base 15?
-15bbe
What is -1215627 (base 9) in base 5?
-132112011
Convert 3b167 (base 15) to base 11.
11a271
What is -34432322 (base 5) in base 15?
-624c7
Convert 20275750 (base 9) to base 6.
544345500
Convert 2417734 (base 8) to base 6.
22115500
-20124551 (base 6) to base 12
-236757
Convert -4478204 (base 10) to base 5.
-2121300304
Convert -15021343 (base 6) to base 11.
-322886
What is -2211012100102 (base 3) in base 8?
-5561237
What is -855487 (base 9) in base 5?
-112243440
What is -51632 (base 8) in base 16?
-539a
What is 1111110101100011001 (base 2) in base 3?
222100211220
-58301 (base 9) to base 5
-2221011
What is 10cd41 (base 16) in base 12?
451281
Convert 303495a (base 12) to base 9.
17880617
-312112301300 (base 4) to base 14
-1c6cb4c
-158284 (base 15) to base 9
-1854637
330116 (base 8) to base 3
12121210220
-1122110112 (base 4) to base 12
-15a106
What is -228443 (base 9) in base 4?
-201203013
Convert c87c8 (base 15) to base 6.
21345355
-606611 (base 8) to base 14
-52cad
Convert 101101111100111111 (base 2) to base 6.
4011223
Convert -3690b (base 14) to base 8.
-404557
-4b064 (base 13) to base 9
-230871
What is 3b635 (base 12) in base 5?
10111441
What is -1382576 (base 12) in base 2?
-1110111000110010101010
Convert -45104412 (base 6) to base 13.
-388b11
What is 273a7 (base 12) in base 9?
82221
Convert -131321111 (base 5) to base 2.
-10011111000010001110
-488054 (base 15) to base 8
-15170413
Convert -12004333 (base 6) to base 4.
-1123113201
What is 1011111100001000010 (base 2) in base 8?
1374102
Convert 121222020220 (base 3) to base 5.
41142233
What is 1120400 (base 6) in base 4?
31331100
What is -1506531 (base 7) in base 4?
-301303221
Convert 6f670 (base 16) to base 5.
104100204
Convert 10101001101100101101 (base 2) to base 15.
dae40
-322324411 (base 5) to base 2
-101001110100111101110
What is 1406662 (base 9) in base 7?
6365225
What is -17431350 (base 9) in base 3?
-121111001101200
Convert -4415 (base 8) to base 13.
-1093
What is 1f4361 (base 16) in base 2?
111110100001101100001
What is 1331121332 (base 5) in base 6?
200234132
1412355 (base 6) to base 7
451106
-21a828 (base 11) to base 5
-42213201
-214626 (base 7) to base 12
-19999
3a866 (base 11) to base 12
29881
-169a89 (base 11) to base 15
-52a3d
Convert 894292 (base 11) to base 9.
2612801
14143001 (base 5) to base 3
21110010121
What is -243642 (base 8) in base 12?
-40656
Convert -113598 (base 11) to base 5.
-21233042
What is 1110110101 (base 3) in base 9?
43411
What is 10000100011101111 (base 2) in base 13?
24b42
What is -5889277 (base 10) in base 4?
-112131303331
Convert -810714 (base 10) to base 16.
-c5eda
What is 22108 (base 11) in base 9?
47886
43121124 (base 5) to base 16
58d8a
What is 50a47 (base 11) in base 3?
10210011000
Convert -82566 (base 9) to base 11.
-37975
-5145351 (base 6) to base 10
-247459
-3024103234 (base 5) to base 2
-10111001100110010011110
-285270 (base 13) to base 8
-3576730
What is -30422455 (base 6) in base 8?
-3253203
What is -61529 (base 13) in base 11?
-10a075
Convert 2e9171 (base 15) to base 12.
90a9ba
-1271985 (base 11) to base 10
-2198663
Convert 10402331 (base 5) to base 13.
32535
-584756 (base 9) to base 16
-55c23
Convert -1084b (base 15) to base 5.
-3134441
-81422 (base 12) to base 6
-3334442
33333323120 (base 4) to base 7
50435300
Convert -1212211202020 (base 3) to base 2.
-11110100010100011110
What is 45170664 (base 8) in base 4?
211033012310
Convert -129b772 (base 14) to base 15.
-bc678e
6552502 (base 8) to base 11
aa1234
-2020011121 (base 3) to base 12
-21474
3012223230 (base 4) to base 5
202020204
What is 21452025 (base 7) in base 2?
111000010010111000001
What is 424342 (base 7) in base 8?
217553
Convert 907521 (base 15) to base 7.
112205353
Convert -1010100111011110011 (base 2) to base 3.
-122200012212
What is 23855 (base 15) in base 4?
123221213
-9a094 (base 14) to base 13
-100bc6
What is -977d0 (base 16) in base 11?
-394208
What is -110203323 (base 4) in base 15?
-19e49
What is 1000010100000010100100 (base 2) in base 5?
1024213421
What is 13a669 (base 12) in base 13?
b6b41
234402211 (base 6) to base 3
22022102100221
6276530 (base 9) to base 4
30303230211
Convert -225642 (base 8) to base 9.
-126188
Convert -1784226 (base 10) to base 14.
-34632a
What is -23b10 (base 15) in base 3?
-12210012020
-270965 (base 10) to base 9
-452622
5a1333 (base 11) to base 7
11050402
9a379 (base 15) to base 10
490164
-56c94 (base 16) to base 15
-704d6
Convert 10001211010 (base 3) to base 2.
1110101111010111
Convert 386c14 (base 13) to base 8.
5133432
-16b991 (base 14) to base 15
-10c24a
-24728 (base 11) to base 5
-2113413
What is 4168a (base 14) in base 11?
a853a
What is -12006054 (base 8) in base 16?
-280c2c
231123233 (base 5) to base 2
11111100111100100100
Convert 147462 (base 11) to base 6.
4530232
Convert 3431015 (base 10) to base 16.
345a67
23822227 (base 9) to base 15
105114a
What is 2000111101022 (base 3) in base 10?
1072637
What is 1bb737 (base 14) in base 4?
3302030011
Convert 79a78 (base 11) to base 14.
30289
What is 3515265 (base 7) in base 12?
193423
What is -38a153 (base 12) in base 2?
-11100011000001001111
-121174 (base 8) to base 10
-41596
Convert -4142233 (base 7) to base 11.
-31001a
Convert 1100002111210 (base 3) to base 14.
146c82
Convert 3221020323 (base 4) to base 7.
11055036
What is 101221010122 (base 3) in base 12?
a4615
Convert 176053 (base 14) to base 6.
25351241
What is -12020002021120 (base 3) in base 15?
-39cc10
Convert 82515 (base 12) to base 14.
45da9
What is -415010 (base 7) in base 8?
-213267
-21010010220 (base 3) to base 15
-2b783
Convert 67152 (base 11) to base 9.
157466
What is 418947 (base 12) in base 16?
fbc47
What is -100110100100110 (base 2) in base 6?
-231234
11021020 (base 4) to base 10
21064
Convert 1607e (base 16) to base 2.
10110000001111110
Convert -751866 (base 10) to base 9.
-1365326
-154340302 (base 6) to base 15
-451262
2022201024 (base 5) to base 14
78a311
Convert 2590916 (base 10) to base 6.
131310552
What is 130636 (base 11) in base 6?
4224255
What is -11913 (base 12) in base 4?
-11303133
Convert -203009 (base 10) to base 13.
-71531
What is -202202220220101 (base 3) in base 5?
-10311300014
-52b4b6 (base 14) to base 7
-32526516
What is 1410031433 (base 6) in base 8?
101120055
-2720313 (base 8) to base 3
-1102201100102
Convert -2421542 (base 7) to base 9.
-518372
What is -908490 (base 10) in base 8?
-3356312
What is 99326b (base 14) in base 11?
2a28a98
Convert 11010001101010110 (base 2) to base 15.
21c1a
What is 110110100000110101010110 (base 2) in base 14?
1c7db70
Convert -226bc (base 15) to base 13.
-3ab12
8270617 (base 9) to base 10
4416055
Convert d5612 (base 14) to base 3.
222010111220
44072116 (base 8) to base 13
1c66067
What is 35206 (base 8) in base 13?
6a86
Convert 11112002112021 (base 3) to base 11.
13a159a
-1a0210 (base 11) to base 4
-1023020002
Convert 11455 (base 12) to base 9.
34622
What is -630aa4 (base 12) in base 8?
-5740434
3509b2 (base 14) to base 15
25a832
Convert 406111 (base 12) to base 2.
11110101100100011101
What is -1a77635 (base 11) in base 1